{"id":15943,"date":"2025-12-02T20:58:06","date_gmt":"2025-12-02T19:58:06","guid":{"rendered":"https:\/\/safran-ardeche.fr\/romegier\/?post_type=product&#038;p=15943"},"modified":"2025-12-02T21:23:56","modified_gmt":"2025-12-02T20:23:56","slug":"panierapero","status":"publish","type":"product","link":"https:\/\/safran-ardeche.fr\/romegier\/product\/panierapero\/","title":{"rendered":"Panier Apero"},"content":{"rendered":"","protected":false},"excerpt":{"rendered":"<p>Panier en osier couleur rouge compos\u00e9: d&#8217;un vin de p\u00e8che au safran 50cl, ,d&#8217;un paquet de biscuits sal\u00e9s au safran 100g et de 2 verres ap\u00e9ritif<\/p>\n","protected":false},"featured_media":15944,"template":"","meta":{"jetpack_publicize_message":"","jetpack_publicize_feature_enabled":true,"jetpack_social_post_already_shared":true,"jetpack_social_options":{"image_generator_settings":{"template":"highway","default_image_id":0,"font":"","enabled":false},"version":2}},"product_brand":[],"product_cat":[62],"product_tag":[],"class_list":{"0":"post-15943","1":"product","2":"type-product","3":"status-publish","4":"has-post-thumbnail","6":"product_cat-a-base-de-safran","7":"product_shipping_class-shop2shop","9":"first","10":"instock","11":"purchasable","12":"product-type-simple"},"aioseo_notices":[],"jetpack_publicize_connections":[],"jetpack_sharing_enabled":true,"_links":{"self":[{"href":"https:\/\/safran-ardeche.fr\/romegier\/wp-json\/wp\/v2\/product\/15943","targetHints":{"allow":["GET"]}}],"collection":[{"href":"https:\/\/safran-ardeche.fr\/romegier\/wp-json\/wp\/v2\/product"}],"about":[{"href":"https:\/\/safran-ardeche.fr\/romegier\/wp-json\/wp\/v2\/types\/product"}],"wp:featuredmedia":[{"embeddable":true,"href":"https:\/\/safran-ardeche.fr\/romegier\/wp-json\/wp\/v2\/media\/15944"}],"wp:attachment":[{"href":"https:\/\/safran-ardeche.fr\/romegier\/wp-json\/wp\/v2\/media?parent=15943"}],"wp:term":[{"taxonomy":"product_brand","embeddable":true,"href":"https:\/\/safran-ardeche.fr\/romegier\/wp-json\/wp\/v2\/product_brand?post=15943"},{"taxonomy":"product_cat","embeddable":true,"href":"https:\/\/safran-ardeche.fr\/romegier\/wp-json\/wp\/v2\/product_cat?post=15943"},{"taxonomy":"product_tag","embeddable":true,"href":"https:\/\/safran-ardeche.fr\/romegier\/wp-json\/wp\/v2\/product_tag?post=15943"}],"curies":[{"name":"wp","href":"https:\/\/api.w.org\/{rel}","templated":true}]}}

<p>Panier en osier couleur rouge composé: d&#8217;un vin de pèche au safran 50cl, ,d&#8217;un paquet de biscuits salés au safran 100g et de 2 verres apéritif</p>
