{"id":15932,"date":"2025-11-22T16:51:07","date_gmt":"2025-11-22T15:51:07","guid":{"rendered":"https:\/\/safran-ardeche.fr\/romegier\/?post_type=product&#038;p=15932"},"modified":"2025-11-29T20:29:19","modified_gmt":"2025-11-29T19:29:19","slug":"box-douceurs-safranees","status":"publish","type":"product","link":"https:\/\/safran-ardeche.fr\/romegier\/product\/box-douceurs-safranees\/","title":{"rendered":"Coffret Douceurs safran\u00e9es"},"content":{"rendered":"<div style=\"width: 720px;\" class=\"wp-video\"><video class=\"wp-video-shortcode\" id=\"video-15932-1\" width=\"720\" height=\"1280\" preload=\"metadata\" controls=\"controls\"><source type=\"video\/mp4\" src=\"https:\/\/safran-ardeche.fr\/romegier\/wp-content\/uploads\/2025\/11\/Download.mp4?_=1\" \/><a href=\"https:\/\/safran-ardeche.fr\/romegier\/wp-content\/uploads\/2025\/11\/Download.mp4\">https:\/\/safran-ardeche.fr\/romegier\/wp-content\/uploads\/2025\/11\/Download.mp4<\/a><\/video><\/div>\n<p>Un moment de douceur Box de Biscuits safran\u00e9s 130g id\u00e9al pour un petit cadeau pour les f\u00eates. Faites d\u00e9couvrir le Safran sous diff\u00e9rentes formes : Biscuit au safran en forme d\u2019\u00e9toile ,Biscuit sabl\u00e9 au confit de citron safran\u00e9 et meringue safran\u00e9e .<img data-recalc-dims=\"1\" loading=\"lazy\" decoding=\"async\" class=\"alignnone size-medium wp-image-15934\" src=\"https:\/\/i0.wp.com\/safran-ardeche.fr\/romegier\/wp-content\/uploads\/2025\/11\/image2-002.jpeg?resize=300%2C353&#038;ssl=1\" alt=\"\" width=\"300\" height=\"353\" srcset=\"https:\/\/i0.wp.com\/safran-ardeche.fr\/romegier\/wp-content\/uploads\/2025\/11\/image2-002.jpeg?resize=300%2C353&amp;ssl=1 300w, https:\/\/i0.wp.com\/safran-ardeche.fr\/romegier\/wp-content\/uploads\/2025\/11\/image2-002.jpeg?resize=200%2C236&amp;ssl=1 200w, https:\/\/i0.wp.com\/safran-ardeche.fr\/romegier\/wp-content\/uploads\/2025\/11\/image2-002.jpeg?w=460&amp;ssl=1 460w\" sizes=\"auto, (max-width: 300px) 100vw, 300px\" \/><img data-recalc-dims=\"1\" loading=\"lazy\" decoding=\"async\" class=\"alignnone size-medium wp-image-15933\" src=\"https:\/\/i0.wp.com\/safran-ardeche.fr\/romegier\/wp-content\/uploads\/2025\/11\/image0-002.jpeg?resize=300%2C326&#038;ssl=1\" alt=\"Un moment de douceur Box de Biscuits safran\u00e9s 130g id\u00e9al pour un petit cadeau pour les f\u00eates. Faites d\u00e9couvrir le Safran sous diff\u00e9rentes formes : Biscuit au safran en forme d\u2019\u00e9toile ,Biscuit sabl\u00e9 au confit de citron safran\u00e9 et meringue safran\u00e9e .\" width=\"300\" height=\"326\" srcset=\"https:\/\/i0.wp.com\/safran-ardeche.fr\/romegier\/wp-content\/uploads\/2025\/11\/image0-002.jpeg?resize=300%2C326&amp;ssl=1 300w, https:\/\/i0.wp.com\/safran-ardeche.fr\/romegier\/wp-content\/uploads\/2025\/11\/image0-002.jpeg?resize=200%2C217&amp;ssl=1 200w, https:\/\/i0.wp.com\/safran-ardeche.fr\/romegier\/wp-content\/uploads\/2025\/11\/image0-002.jpeg?w=457&amp;ssl=1 457w\" sizes=\"auto, (max-width: 300px) 100vw, 300px\" \/><\/p>\n","protected":false},"excerpt":{"rendered":"<p>Biscuits sucr\u00e9 au safran .<\/p>\n<p>Biscuits au safran et confit de citron<\/p>\n<p>sabl\u00e9s au safran<\/p>\n<p>meringues safran\u00e9es dans une boite cartonn\u00e9e<\/p>\n<p>Paquet de 130g<\/p>\n","protected":false},"featured_media":15933,"template":"","meta":{"jetpack_publicize_message":"","jetpack_publicize_feature_enabled":true,"jetpack_social_post_already_shared":true,"jetpack_social_options":{"image_generator_settings":{"template":"highway","default_image_id":0,"font":"","enabled":false},"version":2}},"product_brand":[],"product_cat":[62],"product_tag":[],"class_list":{"0":"post-15932","1":"product","2":"type-product","3":"status-publish","4":"has-post-thumbnail","6":"product_cat-a-base-de-safran","7":"product_shipping_class-shop2shop","9":"first","10":"instock","11":"featured","12":"purchasable","13":"product-type-simple"},"aioseo_notices":[],"jetpack_publicize_connections":[],"jetpack_sharing_enabled":true,"_links":{"self":[{"href":"https:\/\/safran-ardeche.fr\/romegier\/wp-json\/wp\/v2\/product\/15932","targetHints":{"allow":["GET"]}}],"collection":[{"href":"https:\/\/safran-ardeche.fr\/romegier\/wp-json\/wp\/v2\/product"}],"about":[{"href":"https:\/\/safran-ardeche.fr\/romegier\/wp-json\/wp\/v2\/types\/product"}],"wp:featuredmedia":[{"embeddable":true,"href":"https:\/\/safran-ardeche.fr\/romegier\/wp-json\/wp\/v2\/media\/15933"}],"wp:attachment":[{"href":"https:\/\/safran-ardeche.fr\/romegier\/wp-json\/wp\/v2\/media?parent=15932"}],"wp:term":[{"taxonomy":"product_brand","embeddable":true,"href":"https:\/\/safran-ardeche.fr\/romegier\/wp-json\/wp\/v2\/product_brand?post=15932"},{"taxonomy":"product_cat","embeddable":true,"href":"https:\/\/safran-ardeche.fr\/romegier\/wp-json\/wp\/v2\/product_cat?post=15932"},{"taxonomy":"product_tag","embeddable":true,"href":"https:\/\/safran-ardeche.fr\/romegier\/wp-json\/wp\/v2\/product_tag?post=15932"}],"curies":[{"name":"wp","href":"https:\/\/api.w.org\/{rel}","templated":true}]}}

Coffret Douceurs safranées

<div style="width: 720px;" class="wp-video"><video class="wp-video-shortcode" id="video-15932-1" width="720" height="1280" preload="metadata" controls="controls"><source type="video/mp4" src="https://safran-ardeche.fr/romegier/wp-content/uploads/2025/11/Download.mp4?_=1" /><a href="https://safran-ardeche.fr/romegier/wp-content/uploads/2025/11/Download.mp4">https://safran-ardeche.fr/romegier/wp-content/uploads/2025/11/Download.mp4</a></video></div>
<p>Un moment de douceur Box de Biscuits safranés 130g idéal pour un petit cadeau pour les fêtes. Faites découvrir le Safran sous différentes formes : Biscuit au safran en forme d’étoile ,Biscuit sablé au confit de citron safrané et meringue safranée .<img data-recalc-dims="1" loading="lazy" decoding="async" class="alignnone size-medium wp-image-15934" src="https://i0.wp.com/safran-ardeche.fr/romegier/wp-content/uploads/2025/11/image2-002.jpeg?resize=300%2C353&#038;ssl=1" alt="" width="300" height="353" srcset="https://i0.wp.com/safran-ardeche.fr/romegier/wp-content/uploads/2025/11/image2-002.jpeg?resize=300%2C353&amp;ssl=1 300w, https://i0.wp.com/safran-ardeche.fr/romegier/wp-content/uploads/2025/11/image2-002.jpeg?resize=200%2C236&amp;ssl=1 200w, https://i0.wp.com/safran-ardeche.fr/romegier/wp-content/uploads/2025/11/image2-002.jpeg?w=460&amp;ssl=1 460w" sizes="auto, (max-width: 300px) 100vw, 300px" /><img data-recalc-dims="1" loading="lazy" decoding="async" class="alignnone size-medium wp-image-15933" src="https://i0.wp.com/safran-ardeche.fr/romegier/wp-content/uploads/2025/11/image0-002.jpeg?resize=300%2C326&#038;ssl=1" alt="Un moment de douceur Box de Biscuits safranés 130g idéal pour un petit cadeau pour les fêtes. Faites découvrir le Safran sous différentes formes : Biscuit au safran en forme d’étoile ,Biscuit sablé au confit de citron safrané et meringue safranée ." width="300" height="326" srcset="https://i0.wp.com/safran-ardeche.fr/romegier/wp-content/uploads/2025/11/image0-002.jpeg?resize=300%2C326&amp;ssl=1 300w, https://i0.wp.com/safran-ardeche.fr/romegier/wp-content/uploads/2025/11/image0-002.jpeg?resize=200%2C217&amp;ssl=1 200w, https://i0.wp.com/safran-ardeche.fr/romegier/wp-content/uploads/2025/11/image0-002.jpeg?w=457&amp;ssl=1 457w" sizes="auto, (max-width: 300px) 100vw, 300px" /></p>

<p>Biscuits sucré au safran .</p>
<p>Biscuits au safran et confit de citron</p>
<p>sablés au safran</p>
<p>meringues safranées dans une boite cartonnée</p>
<p>Paquet de 130g</p>
