{"id":15856,"date":"2025-03-19T17:31:30","date_gmt":"2025-03-19T16:31:30","guid":{"rendered":"https:\/\/safran-ardeche.fr\/romegier\/?post_type=product&#038;p=15856"},"modified":"2025-12-13T17:37:10","modified_gmt":"2025-12-13T16:37:10","slug":"vin-de-de-peche-safran","status":"publish","type":"product","link":"https:\/\/safran-ardeche.fr\/romegier\/product\/vin-de-de-peche-safran\/","title":{"rendered":"vin de p\u00eache au safran"},"content":{"rendered":"<p>Le vin de p\u00eache est un vin ap\u00e9ritif fruit\u00e9 avec un go\u00fbt subtil de safran .Il est concoct\u00e9 \u00e0 base de feuilles de p\u00eacher , additionn\u00e9 \u00e0 du vin blanc , de l\u2019alcool de fruits et du sucre de canne bio et\u00a0 aromatis\u00e9 au safran bio d\u2019Ard\u00e8che.<\/p>\n<p>A consommer tr\u00e8s frais<\/p>\n<p>Allerg\u00e8nes :sulfites<\/p>\n<p>Bouteille (50 cl)<\/p>\n<p>Composition :\u00a0 \u00a0 \u00a0Feuilles de p\u00eacher , vin blanc , alcool de fruits, sucre de cannes bio, safran bio d\u2019Ard\u00e8che.<\/p>\n","protected":false},"excerpt":{"rendered":"<p>Le vin de p\u00eache est un vin ap\u00e9ritif fruit\u00e9 avec un go\u00fbt subtil de safran .Il est concoct\u00e9 \u00e0 base de feuilles de p\u00eacher , additionn\u00e9 \u00e0 du vin blanc , de l\u2019alcool de fruits et du sucre de canne bio et\u00a0 aromatis\u00e9 au safran bio d\u2019Ard\u00e8che.<\/p>\n<p>Bouteille (50 cl)<\/p>\n<p>A consommer tr\u00e8s frais<\/p>\n<p>Allerg\u00e8nes :sulfites<\/p>\n<p>Composition :\u00a0 \u00a0 Feuilles de p\u00eacher , vin blanc , alcool de fruits, sucre de cannes bio, safran bio d\u2019Ard\u00e8che.<\/p>\n","protected":false},"featured_media":15857,"template":"","meta":{"jetpack_publicize_message":"","jetpack_publicize_feature_enabled":true,"jetpack_social_post_already_shared":true,"jetpack_social_options":{"image_generator_settings":{"template":"highway","default_image_id":0,"font":"","enabled":false},"version":2}},"product_brand":[],"product_cat":[62],"product_tag":[],"class_list":{"0":"post-15856","1":"product","2":"type-product","3":"status-publish","4":"has-post-thumbnail","6":"product_cat-a-base-de-safran","7":"product_shipping_class-shop2shop","9":"first","10":"instock","11":"purchasable","12":"product-type-simple"},"aioseo_notices":[],"jetpack_publicize_connections":[],"jetpack_sharing_enabled":true,"_links":{"self":[{"href":"https:\/\/safran-ardeche.fr\/romegier\/wp-json\/wp\/v2\/product\/15856","targetHints":{"allow":["GET"]}}],"collection":[{"href":"https:\/\/safran-ardeche.fr\/romegier\/wp-json\/wp\/v2\/product"}],"about":[{"href":"https:\/\/safran-ardeche.fr\/romegier\/wp-json\/wp\/v2\/types\/product"}],"wp:featuredmedia":[{"embeddable":true,"href":"https:\/\/safran-ardeche.fr\/romegier\/wp-json\/wp\/v2\/media\/15857"}],"wp:attachment":[{"href":"https:\/\/safran-ardeche.fr\/romegier\/wp-json\/wp\/v2\/media?parent=15856"}],"wp:term":[{"taxonomy":"product_brand","embeddable":true,"href":"https:\/\/safran-ardeche.fr\/romegier\/wp-json\/wp\/v2\/product_brand?post=15856"},{"taxonomy":"product_cat","embeddable":true,"href":"https:\/\/safran-ardeche.fr\/romegier\/wp-json\/wp\/v2\/product_cat?post=15856"},{"taxonomy":"product_tag","embeddable":true,"href":"https:\/\/safran-ardeche.fr\/romegier\/wp-json\/wp\/v2\/product_tag?post=15856"}],"curies":[{"name":"wp","href":"https:\/\/api.w.org\/{rel}","templated":true}]}}

vin de pêche au safran

<p>Le vin de pêche est un vin apéritif fruité avec un goût subtil de safran .Il est concocté à base de feuilles de pêcher , additionné à du vin blanc , de l’alcool de fruits et du sucre de canne bio et  aromatisé au safran bio d’Ardèche.</p>
<p>A consommer très frais</p>
<p>Allergènes :sulfites</p>
<p>Bouteille (50 cl)</p>
<p>Composition :     Feuilles de pêcher , vin blanc , alcool de fruits, sucre de cannes bio, safran bio d’Ardèche.</p>

<p>Le vin de pêche est un vin apéritif fruité avec un goût subtil de safran .Il est concocté à base de feuilles de pêcher , additionné à du vin blanc , de l’alcool de fruits et du sucre de canne bio et  aromatisé au safran bio d’Ardèche.</p>
<p>Bouteille (50 cl)</p>
<p>A consommer très frais</p>
<p>Allergènes :sulfites</p>
<p>Composition :    Feuilles de pêcher , vin blanc , alcool de fruits, sucre de cannes bio, safran bio d’Ardèche.</p>
