{"id":9480,"date":"2016-12-08T23:20:12","date_gmt":"2016-12-08T23:20:12","guid":{"rendered":"http:\/\/treeworks.pt\/maple\/?page_id=9480"},"modified":"2024-03-04T19:57:04","modified_gmt":"2024-03-04T18:57:04","slug":"safran-romegier","status":"publish","type":"page","link":"https:\/\/safran-ardeche.fr\/romegier\/safran-romegier\/","title":{"rendered":"LE SAFRAN DE ROM\u00c9GIER"},"content":{"rendered":"<div class=\"wpb-content-wrapper\"><p>[vc_row full_width=&#8221;stretch_row_content_no_spaces&#8221; full_height=&#8221;yes&#8221; columns_placement=&#8221;top&#8221; css=&#8221;.vc_custom_1532981188457{background-color: #ffffff !important;}&#8221;][vc_column width=&#8221;1\/2&#8243; el_class=&#8221;max-wide-box&#8221;][vc_single_image image=&#8221;10986&#8243; img_size=&#8221;full&#8221;][\/vc_column][vc_column width=&#8221;1\/2&#8243; el_class=&#8221;about-me-padding&#8221;][vc_column_text]<\/p>\n<h2><span style=\"color: #ce0037;\"><span style=\"caret-color: #f2f2f2;\">NOTRE SAFRAN BIO EST CULTIV\u00c9 EN ARD\u00c8CHE SUIVANT DES M\u00c9THODES ARTISANALES ET DANS LE RESPECT DE L&#8217;ENVIRONNEMENT.<\/span><\/span><\/h2>\n<p>Situ\u00e9e au c\u0153ur de l&#8217;Ard\u00e8che, notre exploitation de safran se trouve sur une parcelle de 600 m2. Notre safran est cultiv\u00e9 avec passion, cueilli, \u00e9mond\u00e9 \u00e0 la main et d\u00e9shydrat\u00e9 par nos soins. Il est issu d&#8217;une agriculture biologique, naturelle, sans pesticide, ni produits chimiques.<\/p>\n<p>Le safran est une \u00e9pice pr\u00e9cieuse, aux ar\u00f4mes subtils et aux nombreuses vertus.<br \/>\nD&#8217;un ar\u00f4me puissant, et avec un pouvoir colorant, il donne une couleur jaune orang\u00e9e tr\u00e8s app\u00e9tissante.<br \/>\nSa saveur est unique et\u00a0exalte le go\u00fbt des aliments.<br \/>\nIl est aussi tr\u00e8s pris\u00e9 en p\u00e2tisserie et sublime les fruits.<\/p>\n<p>Notre safran est de premi\u00e8re cat\u00e9gorie selon la norme ISO 3632-2 et a re\u00e7u la m\u00e9daille d&#8217;or 2023.[\/vc_column_text][vc_empty_space height=&#8221;20px&#8221;][vc_btn title=&#8221;VOIR LE RAPPORT D&#8217;ESSAI&#8221; style=&#8221;flat&#8221; shape=&#8221;square&#8221; color=&#8221;black&#8221; size=&#8221;xs&#8221; link=&#8221;url:https%3A%2F%2Fwww.safran-ardeche.fr%2Fromegier%2FanalyseSafranRomegier.pdf||target:%20_blank|&#8221;][vc_column_text]<strong>LA CULTURE DU SAFRAN<\/strong><\/p>\n<p>Le safran peut \u00eatre cultiv\u00e9 \u00e0 peu pr\u00e8s partout en France pays. La nature du sol est bien plus importante que la nature du climat.<br \/>\nLe prix du safran est d\u00e9termin\u00e9 par la main d&#8217;oeuvre que n\u00e9cessite sa r\u00e9colte et non pas par sa difficult\u00e9 de culture, car elle est en fait simple et accessible \u00e0 toute personne.<\/p>\n<p><strong>CYCLE V\u00c9G\u00c9TATIF<\/strong><\/p>\n<p>Plantation : de juillet \u00e0 mi-septembre.<br \/>\nFloraison : Tout le mois d&#8217;octobre, d\u00e8s la premi\u00e8re ann\u00e9e de plantation (pour les gros bulbes).<br \/>\nD\u00e9veloppement v\u00e9g\u00e9tatif durant l&#8217;hiver.<br \/>\nDess\u00e8chement des feuilles en mai.<\/p>\n<p>Il faut 150 \u00e0 200 fleurs environ pour obtenir 1 gramme de safran sec.[\/vc_column_text][\/vc_column][\/vc_row]<\/p>\n<\/div>","protected":false},"excerpt":{"rendered":"<p>[vc_row full_width=&#8221;stretch_row_content_no_spaces&#8221; full_height=&#8221;yes&#8221; columns_placement=&#8221;top&#8221; css=&#8221;.vc_custom_1532981188457{background-color: #ffffff !important;}&#8221;][vc_column width=&#8221;1\/2&#8243; el_class=&#8221;max-wide-box&#8221;][vc_single_image image=&#8221;10986&#8243; img_size=&#8221;full&#8221;][\/vc_column][vc_column width=&#8221;1\/2&#8243; el_class=&#8221;about-me-padding&#8221;][vc_column_text] NOTRE SAFRAN BIO EST CULTIV\u00c9 EN ARD\u00c8CHE SUIVANT DES M\u00c9THODES ARTISANALES ET DANS LE RESPECT DE L&#8217;ENVIRONNEMENT. Situ\u00e9e au c\u0153ur de l&#8217;Ard\u00e8che, notre exploitation de safran se trouve sur une parcelle de 600 m2. Notre safran est cultiv\u00e9 avec passion, cueilli, \u00e9mond\u00e9 [&hellip;]<\/p>\n","protected":false},"author":1,"featured_media":0,"parent":0,"menu_order":0,"comment_status":"closed","ping_status":"closed","template":"page.php","meta":{"footnotes":""},"class_list":["post-9480","page","type-page","status-publish","hentry"],"aioseo_notices":[],"jetpack_sharing_enabled":true,"jetpack_shortlink":"https:\/\/wp.me\/Pa63Lk-2sU","_links":{"self":[{"href":"https:\/\/safran-ardeche.fr\/romegier\/wp-json\/wp\/v2\/pages\/9480","targetHints":{"allow":["GET"]}}],"collection":[{"href":"https:\/\/safran-ardeche.fr\/romegier\/wp-json\/wp\/v2\/pages"}],"about":[{"href":"https:\/\/safran-ardeche.fr\/romegier\/wp-json\/wp\/v2\/types\/page"}],"author":[{"embeddable":true,"href":"https:\/\/safran-ardeche.fr\/romegier\/wp-json\/wp\/v2\/users\/1"}],"replies":[{"embeddable":true,"href":"https:\/\/safran-ardeche.fr\/romegier\/wp-json\/wp\/v2\/comments?post=9480"}],"version-history":[{"count":7,"href":"https:\/\/safran-ardeche.fr\/romegier\/wp-json\/wp\/v2\/pages\/9480\/revisions"}],"predecessor-version":[{"id":15798,"href":"https:\/\/safran-ardeche.fr\/romegier\/wp-json\/wp\/v2\/pages\/9480\/revisions\/15798"}],"wp:attachment":[{"href":"https:\/\/safran-ardeche.fr\/romegier\/wp-json\/wp\/v2\/media?parent=9480"}],"curies":[{"name":"wp","href":"https:\/\/api.w.org\/{rel}","templated":true}]}}